{"id":172,"date":"2022-11-03T13:03:53","date_gmt":"2022-11-03T12:03:53","guid":{"rendered":"https:\/\/traildufreego.fr\/?page_id=172"},"modified":"2025-11-09T18:42:08","modified_gmt":"2025-11-09T17:42:08","slug":"programme-2","status":"publish","type":"page","link":"https:\/\/traildufreego.fr\/index.php\/programme-2\/","title":{"rendered":"Programme"},"content":{"rendered":"\n<p><\/p>\n\n\n\n<p><strong>Samedi 31 Janvier :<\/strong> Une permanence pour la remise des dossards se tiendra de 15 heures \u00e0 17 heures sur le site du d\u00e9part (salle des sports, rue du Champs des Fleurs au Pont de Moine ; pr\u00e9sentation de la licence et d\u2019une pi\u00e8ce d\u2019identit\u00e9 exig\u00e9e pour les licenci\u00e9(e)s ; pr\u00e9sentation d&rsquo;une pi\u00e8ce d&rsquo;identit\u00e9 pour les non licenci\u00e9(e) s exig\u00e9e).<br><br><br><strong>Dimanche 01 F\u00e9vrier :<\/strong> <br><br><strong>Remise des dossards<\/strong>, \u00e0 partir de 07h30 et ce jusqu\u2019\u00e0 30 minutes avant le d\u00e9part de chaque course (pr\u00e9sentation de la licence et d\u2019une pi\u00e8ce d\u2019identit\u00e9 exig\u00e9e pour les licenci\u00e9(e)s ; pr\u00e9sentation d&rsquo;une pi\u00e8ce d&rsquo;identit\u00e9 pour les non licenci\u00e9(e)s exig\u00e9e).<\/p>\n\n\n\n<div class=\"wp-block-columns is-layout-flex wp-container-core-columns-is-layout-28f84493 wp-block-columns-is-layout-flex\">\n<div class=\"wp-block-column is-layout-flow wp-block-column-is-layout-flow\" style=\"flex-basis:33.33%\">\n<p><br><br><strong> 09h30 : <\/strong>d\u00e9part du Free GO, 25 km.<br><br><strong>09H45 : <\/strong>d\u00e9part du Free MAS, 16 km.<br><strong><br>10h00 : <\/strong>d\u00e9part du Free LEUX, 08 km.<br><br><strong>11h45 :<\/strong> podiums protocolaires.<\/p>\n<\/div>\n\n\n\n<div class=\"wp-block-column is-layout-flow wp-block-column-is-layout-flow\" style=\"flex-basis:66.66%\">\n<figure class=\"wp-block-image size-full\"><img loading=\"lazy\" decoding=\"async\" width=\"842\" height=\"1191\" src=\"https:\/\/traildufreego.fr\/wp-content\/uploads\/2025\/11\/Affiche-TRAIL-2026-1.jpg\" alt=\"\" class=\"wp-image-1060\" srcset=\"https:\/\/traildufreego.fr\/wp-content\/uploads\/2025\/11\/Affiche-TRAIL-2026-1.jpg 842w, https:\/\/traildufreego.fr\/wp-content\/uploads\/2025\/11\/Affiche-TRAIL-2026-1-212x300.jpg 212w, https:\/\/traildufreego.fr\/wp-content\/uploads\/2025\/11\/Affiche-TRAIL-2026-1-724x1024.jpg 724w, https:\/\/traildufreego.fr\/wp-content\/uploads\/2025\/11\/Affiche-TRAIL-2026-1-768x1086.jpg 768w\" sizes=\"auto, (max-width: 842px) 100vw, 842px\" \/><\/figure>\n<\/div>\n<\/div>\n","protected":false},"excerpt":{"rendered":"<p>Samedi 31 Janvier : Une permanence pour la remise des dossards se tiendra de 15 heures \u00e0 17 heures sur le site du d\u00e9part (salle des sports, rue du Champs des Fleurs au Pont de Moine ; pr\u00e9sentation de la licence et d\u2019une pi\u00e8ce d\u2019identit\u00e9 exig\u00e9e pour les licenci\u00e9(e)s ; pr\u00e9sentation d&rsquo;une pi\u00e8ce d&rsquo;identit\u00e9 pour &hellip;<\/p>\n<p class=\"read-more\"> <a class=\"\" href=\"https:\/\/traildufreego.fr\/index.php\/programme-2\/\"> <span class=\"screen-reader-text\">Programme<\/span> Lire la suite\u00a0\u00bb<\/a><\/p>\n","protected":false},"author":1,"featured_media":0,"parent":0,"menu_order":0,"comment_status":"closed","ping_status":"closed","template":"","meta":{"site-sidebar-layout":"default","site-content-layout":"default","ast-global-header-display":"","ast-main-header-display":"","ast-hfb-above-header-display":"","ast-hfb-below-header-display":"","ast-hfb-mobile-header-display":"","site-post-title":"disabled","ast-breadcrumbs-content":"","ast-featured-img":"","footer-sml-layout":"","theme-transparent-header-meta":"","adv-header-id-meta":"","stick-header-meta":"","header-above-stick-meta":"","header-main-stick-meta":"","header-below-stick-meta":"","footnotes":""},"class_list":["post-172","page","type-page","status-publish","hentry"],"_links":{"self":[{"href":"https:\/\/traildufreego.fr\/index.php\/wp-json\/wp\/v2\/pages\/172","targetHints":{"allow":["GET"]}}],"collection":[{"href":"https:\/\/traildufreego.fr\/index.php\/wp-json\/wp\/v2\/pages"}],"about":[{"href":"https:\/\/traildufreego.fr\/index.php\/wp-json\/wp\/v2\/types\/page"}],"author":[{"embeddable":true,"href":"https:\/\/traildufreego.fr\/index.php\/wp-json\/wp\/v2\/users\/1"}],"replies":[{"embeddable":true,"href":"https:\/\/traildufreego.fr\/index.php\/wp-json\/wp\/v2\/comments?post=172"}],"version-history":[{"count":18,"href":"https:\/\/traildufreego.fr\/index.php\/wp-json\/wp\/v2\/pages\/172\/revisions"}],"predecessor-version":[{"id":1061,"href":"https:\/\/traildufreego.fr\/index.php\/wp-json\/wp\/v2\/pages\/172\/revisions\/1061"}],"wp:attachment":[{"href":"https:\/\/traildufreego.fr\/index.php\/wp-json\/wp\/v2\/media?parent=172"}],"curies":[{"name":"wp","href":"https:\/\/api.w.org\/{rel}","templated":true}]}}